visor of d and q?
18
Let l = 715 + -460. Suppose 4*o - 445 = -3*t - o, l = 2*t - 5*o. Calculate the greatest common factor of t and 28.
28
Suppose -33*g + 35*g - 34 = 0. Suppose -x - 9 = 2*k, -3*k - 14 = 21*x - 20*x. What is the greatest common divisor of x and g?
1
Let p = -10829 - -12296. What is the greatest common factor of 45 and p?
9
Suppose -53 = 3*s - 35. Let k be (-67 - (-2 + 1))*14/s. Calculate the highest common divisor of 44 and k.
22
Suppose -27 = -3*v, -3*v + 218 + 217 + 42 = 5*n. Let r = 243 - 3. What is the highest common factor of n and r?
30
Let i be 41/6 + 12/(576/(-40)). Let n be ((-20)/i)/(3/(-18)). What is the greatest common divisor of 12 and n?
4
Let j be (68/(-20)*11)/(1/(-5)). Calculate the highest common factor of j and 682.
11
Suppose -17*g = -20*g + 1254. Let h = g - 403. What is the highest common divisor of 3 and h?
3
Suppose -6*g = -7*g. Suppose -2*v + 4 = g, -v + 6*v = 4*y - 46. What is the greatest common factor of 518 and y?
14
Let c be (-70)/(-4)*26/91. Suppose -c*p = -u + 82 - 7, 0 = p - 5. What is the highest common divisor of 80 and u?
20
Suppose 384*r = 370*r + 149310. What is the highest common divisor of r and 30?
15
Let l be ((-8)/3*2)/((-30)/(-36 + 1656)). Calculate the greatest common factor of 54 and l.
18
Suppose -8*y + 60 = -3*y. Let h(g) = -g**2 - 32*g - 155. Let x be h(-25). What is the greatest common factor of y and x?
4
Let w be (-145)/(-174) - (-141702)/36. Calculate the greatest common factor of 254 and w.
127
Let n be -7 - (4 + (-80)/14)*(11 - 4). What is the greatest common factor of 695 and n?
5
Suppose 6*s = -5*s - 4*s + 3870. Calculate the highest common factor of 6063 and s.
129
Let j be (1 + 13)*(-69)/((-1518)/44). What is the greatest common divisor of 56084 and j?
28
Suppose 0 = 3*k + 6, -4*k = -242*v + 241*v + 13112. What is the highest common divisor of v and 48?
48
Suppose 14*j - 532 = 798. Let h = 59 + 74. What is the highest common factor of j and h?
19
Suppose 0 = -4*v + 5*m + 45, 5*v - 5*m = 2 + 48. Suppose 821 = 2*o - b - 2*b, v*o - 2*b - 2025 = 0. What is the greatest common divisor of 13 and o?
13
Let y be (-7)/(-98) + 59255/490. What is the highest common factor of y and 1034?
11
Suppose 5*z - 448 = 9*z. Let d = z - -140. Calculate the greatest common factor of d and 126.
14
Let d(j) = 5422*j**2 + j - 2. Let f be d(1). Suppose 1729 + f = -11*w. Let r be (-9)/(45/w)*1. What is the highest common divisor of r and 10?
10
Suppose 4*q = 3*k - 975, k - 71 = 3*q + 254. Let i be (-242)/66*(-39)/11. What is the highest common factor of i and k?
13
Let t(f) = 273*f + 3284. Let o be t(-12). Let l = -3 - -5. Suppose -4*x - 3*g + 32 = l*g, -40 = -5*x + g. Calculate the greatest common divisor of o and x.
8
Let k(n) be the third derivative of -n**6/120 + 17*n**5/60 + n**4/12 - 31*n**3/6 + 2*n**2 + 5. Let y be k(17). What is the highest common divisor of y and 60?
3
Suppose 2*r + 2*r - 24 = 0. Let p be 2/4 + 5781/246. What is the greatest common factor of p and r?
6
Suppose -8 = 4*x, -x + 2*x = k - 88. Suppose i + k = 23*a - 22*a, -a + 3*i = -96. What is the highest common factor of 45 and a?
9
Suppose -h = 2*h - 126. Suppose q - j = 79, -170 = -6*q + 4*q + 5*j. Let a = 93 + q. Calculate the highest common divisor of h and a.
42
Let a(b) = 6*b + 5. Suppose 3*d - 22 = -8*d. Let r be a(d). Calculate the greatest common divisor of 17 and r.
17
Let q(m) be the third derivative of -m**4/12 + 15*m**3 - 183*m**2. Let v be q(21). Calculate the greatest common factor of 88 and v.
8
Suppose 79*l - 3490 = -96*l + 12785. What is the greatest common factor of l and 249?
3
Let j = 28603 - 27598. What is the greatest common divisor of j and 8241?
201
Let c(i) = i**2 + 5*i + 33. Let k be c(-8). Suppose -16*x = -505 - 103. What is the highest common factor of k and x?
19
Suppose 0 = -0*x + x. Suppose o + x = 5. Let z = -6689 + 6699. Calculate the greatest common factor of z and o.
5
Let v(s) = -s**3 + 11*s**2 - s + 7. Let j be v(5). Let i = -137 - -156. Calculate the greatest common factor of j and i.
19
Let o be 5 + 13 + 5/(5/(-3)). Suppose 4 = -o*r + 34. What is the greatest common factor of r and 29?
1
Let o(t) = -46*t - 1173. Let w be o(-26). Calculate the greatest common divisor of w and 69.
23
Suppose 4*n - 1620 = j, -2*j + 405 = -17*n + 18*n. Let o = -2 + 47. What is the greatest common factor of o and n?
45
Let o be 34215/(-45) - (-15)/(-9). Let q = o - -792. What is the highest common factor of 96 and q?
6
Let x = 317 + -164. Suppose 0 = s + 2*l - 17, 3*s + 0*s - 2*l = 91. What is the highest common divisor of s and x?
9
Suppose 3*k - 2124 = -2*z, -z + 66*k + 1048 = 64*k. What is the greatest common divisor of z and 18?
6
Suppose -41 = -3*d + 1. Let b(k) = -9*k**3 + 4*k**2 - 6*k - 6. Let x be b(-4). Calculate the greatest common divisor of d and x.
14
Suppose 8*y - 4*y + 164 = 0. Let o = y + 46. Suppose -o*i + i + l = -100, -2*i - l + 44 = 0. What is the highest common factor of i and 96?
24
Let z = -7434 - -7439. Calculate the greatest common factor of z and 13.
1
Let k(g) = g**3 + 5*g**2 - 6*g - 6. Let o be k(-5). Let m = 1950 - 1950. Suppose -z + 374 - o = m. What is the highest common divisor of 50 and z?
50
Let p(t) = -22*t + 1. Let u be p(-1). Let f = u - 20. Let l be 20/(-6)*f/(-2). Calculate the greatest common divisor of 55 and l.
5
Let j be 1275/14 + 55/(-770). Calculate the highest common divisor of 5369 and j.
91
Let l(q) = -42*q - 294. Let j be l(-7). Suppose j = 5*o + 2*t - 2029, 3*o = 5*o - 5*t - 829. Calculate the highest common factor of o and 37.
37
Let g = -188 - -193. Suppose -2*c + 4*p = -4*c - 16, g*c - 4*p - 30 = 0. Calculate the highest common divisor of 6 and c.
2
Suppose -12*a + 8*a = -1068. Let w = a + -257. Suppose -j - 114 = -4*j + 2*h, j - 37 = h. Calculate the greatest common factor of w and j.
10
Suppose -3*f + 123 = 4*g, -f + 246 = 5*f + 4*g. What is the greatest common divisor of f and 24559?
41
Suppose 6*c = 1 + 107. Let d be 9/c - (-21)/(-12)*-82. What is the greatest common divisor of d and 18?
18
Suppose 99*a + 65*a - 2032969 - 1796431 = 0. Calculate the greatest common divisor of 50 and a.
50
Let l(d) = -d**2 - d. Let p(i) = -2*i**2 - 4*i - 23. Let q(y) = -3*l(y) + p(y). Let v be q(6). What is the highest common divisor of v and 56?
7
Suppose 17*l - 124509 = 7*l - 11*l. What is the greatest common divisor of l and 49?
49
Suppose 2*s + 11*q - 10*q - 11 = 0, -5*s - 2*q + 26 = 0. Suppose -3*v - 3*g = -1047, -v = s*g - g - 345. Calculate the greatest common factor of v and 13.
13
Suppose -5*l + 70 = 5*b, -3*l - 3 = 4*b - 43. Let j be (-3)/((-4)/(-19)*(-12)/l). Calculate the greatest common factor of 19 and j.
19
Let z(c) = -5*c + 70. Let u(m) = -17*m + 209. Let y(d) = -2*u(d) + 7*z(d). Let l be y(-16). Calculate the highest common divisor of l and 572.
44
Let l = -104 - -108. Suppose -5*b = -5*n - 6*b + 106, -2*b = -l*n + 82. Calculate the highest common factor of 18 and n.
3
Let k = -337 + 328. Let v be k*15*(-8)/12. Calculate the greatest common factor of 160 and v.
10
Let i(a) = -2417*a + 9. Let o be i(-1). Suppose 4*y + 3*n - 1488 = 0, -5*y = 4*n - o + 565. Calculate the greatest common divisor of 82 and y.
41
Suppose -4*l = 2*l - 24. Suppose 396 = 3*p + 3*m, 0 = -l*m - 20 + 4. What is the highest common divisor of p and 17?
17
Let w(o) = -o**3 - 96*o**2 - 111*o - 1220. Let v be w(-95). Calculate the highest common divisor of v and 2580.
60
Let c be -3*2/(-24) - 465/(-124). Suppose -i = -l - 2, -l + c*i - 24 = -7. Calculate the highest common factor of l and 21.
3
Let i(a) = -a**2 + 15*a - 9. Let d be i(14). Suppose u - 156 = -d*u. What is the greatest common factor of 286 and u?
26
Let a = 70 + -60. Let v(c) = 7*c - 18. Let i be v(a). Let d = -31 + i. Calculate the greatest common divisor of d and 105.
21
Let a(l) = 34*l + 1150. Let p be a(-33). Calculate the highest common factor of p and 84.
28
Let p be 165 + (12/(-7))/(8/(-28)). Suppose 19*x + p = 1311. What is the highest common divisor of x and 435?
15
Let r be (-6)/(1398/(-126) + 11). Let t be ((-2)/6)/((-1)/3). Let g be t/(-2)*-10 - -2. What is the greatest common factor of g and r?
7
Let n = -9257 + 10142. What is the greatest common divisor of n and 15?
15
Let g(j) = -j**2 + 212*j - 1413. 